71 (base 10) to base 16.
-7b3
-4327 (base 12) to base 5
-214000
Convert -40 (base 13) to base 2.
-110100
Convert 111 (base 13) to base 12.
133
What is -322 (base 11) in base 6?
-1443
Convert -677 (base 8) to base 9.
-546
3a7 (base 13) to base 5
10034
What is -432 (base 6) in base 11?
-13a
3807 (base 10) to base 8
7337
What is 2602 (base 15) in base 9?
12102
430560 (base 7) to base 2
10010001111011110
What is -162 (base 7) in base 12?
-79
Convert -4732 (base 9) to base 5.
-103022
What is 1113 (base 5) in base 13?
c2
Convert -312335 (base 7) to base 10.
-53681
682 (base 10) to base 12
48a
-46564 (base 8) to base 14
-7324
973 (base 16) to base 11
18aa
Convert -4303 (base 5) to base 8.
-1102
-bd3 (base 14) to base 2
-100100100101
Convert 11222 (base 3) to base 13.
a4
Convert -1a27 (base 13) to base 4.
-331100
Convert -8cc (base 16) to base 9.
-3072
What is -10427 (base 8) in base 2?
-1000100010111
-11222110 (base 3) to base 6
-24450
-124055 (base 6) to base 5
-330032
What is -576 (base 14) in base 4?
-100330
Convert -9595 (base 10) to base 11.
-7233
Convert -35253 (base 8) to base 14.
-568b
Convert -54005 (base 6) to base 4.
-1302311
What is -144 (base 16) in base 6?
-1300
-348 (base 15) to base 11
-616
-108 (base 11) to base 16
-81
7d8 (base 14) to base 4
120122
Convert 1405 (base 8) to base 6.
3325
Convert 432 (base 6) to base 2.
10100100
Convert 873 (base 14) to base 9.
2254
-2079 (base 14) to base 6
-41523
What is 1586 (base 9) in base 14?
628
Convert ac21 (base 16) to base 15.
d0ca
What is 1565 (base 14) in base 7?
14055
What is 495 (base 11) in base 2?
1001001100
-344 (base 11) to base 3
-120020
10102212 (base 3) to base 8
4713
-21066 (base 7) to base 12
-3009
-24134 (base 6) to base 16
-dba
Convert -106a (base 14) to base 4.
-230112
Convert -121320 (base 5) to base 15.
-155a
Convert 1825 (base 10) to base 2.
11100100001
Convert 13412 (base 6) to base 3.
2212122
-313202 (base 4) to base 6
-24242
What is -455 (base 10) in base 2?
-111000111
3133 (base 5) to base 9
514
What is be10 (base 16) in base 6?
1013132
Convert -2032 (base 8) to base 13.
-62a
What is 7b3a (base 14) in base 12?
10488
What is -2116 (base 8) in base 12?
-77a
What is 24560 (base 8) in base 4?
2211300
Convert 3286 (base 15) to base 9.
15610
b80 (base 13) to base 7
5503
Convert 236 (base 13) to base 7.
1055
What is -491 (base 16) in base 3?
-1121022
What is -10 (base 3) in base 5?
-3
Convert 2647 (base 10) to base 16.
a57
What is 10625 (base 10) in base 9?
15515
-61c7 (base 13) to base 9
-20475
Convert -4588 (base 13) to base 9.
-14327
230 (base 16) to base 3
202202
204 (base 7) to base 16
66
What is 2131123 (base 4) in base 13?
4780
Convert 880 (base 14) to base 7.
4620
311 (base 16) to base 8
1421
What is -4004 (base 8) in base 3?
-2211000
-1d2 (base 16) to base 3
-122021
Convert 11261 (base 8) to base 10.
4785
What is -7d57 (base 15) in base 3?
-1100112101
Convert 2a14 (base 16) to base 10.
10772
-22330 (base 6) to base 4
-301032
Convert -1034 (base 5) to base 7.
-264
What is -112021012 (base 3) in base 15?
-3135
-226560 (base 7) to base 5
-2301021
What is 1101022201 (base 3) in base 16?
6a48
Convert -42051 (base 7) to base 12.
-5b86
86a (base 16) to base 2
100001101010
What is -13245 (base 9) in base 13?
-40c7
Convert -8293 (base 11) to base 7.
-44022
Convert -1234114 (base 5) to base 11.
-17277
What is -85 (base 14) in base 12?
-99
-37f (base 16) to base 9
-1204
What is -7b6 (base 13) in base 12?
-930
What is -383 (base 14) in base 13?
-421
6365 (base 7) to base 15
a02
Convert 1664 (base 9) to base 3.
1202011
What is -553 (base 10) in base 4?
-20221
Convert -31404 (base 8) to base 5.
-404220
Convert -3221 (base 5) to base 13.
-277
Convert 1010000000001110 (base 2) to base 15.
c219
What is 4840 (base 12) in base 4?
1332300
-928 (base 10) to base 16
-3a0
What is 10111110001100 (base 2) in base 15?
3917
-5d5e (base 16) to base 11
-16a5a
-4107 (base 9) to base 3
-11010021
What is 6230 (base 12) in base 16?
29c4
What is 307 (base 9) in base 3?
100021
4476 (base 10) to base 11
33aa
286 (base 16) to base 12
45a
Convert 321241 (base 6) to base 10.
26233
What is -1e0e (base 16) in base 8?
-17016
Convert 5538 (base 12) to base 2.
10010010111100
-36834 (base 11) to base 15
-10a29
What is 3004 (base 10) in base 4?
232330
What is 11203000 (base 4) in base 13?
a459
Convert 262 (base 8) to base 7.
343
-7456 (base 11) to base 14
-3846
-111001101000 (base 2) to base 6
-25024
Convert 314 (base 15) to base 5.
10234
-3112020 (base 4) to base 9
-20716
Convert 1000010111 (base 2) to base 14.
2a3
What is 1925b (base 12) in base 6?
441355
Convert 927 (base 16) to base 6.
14503
-1041102 (base 6) to base 7
-304610
Convert -61407 (base 8) to base 7.
-133624
What is -1a95 (base 11) in base 13?
-1286
What is 1111100110 (base 2) in base 6?
4342
What is -213212 (base 4) in base 7?
-10250
2863 (base 10) to base 3
10221001
-102020 (base 3) to base 16
-12f
477 (base 15) to base 12
704
Convert -201211110 (base 3) to base 2.
-11100001111001
34033 (base 11) to base 5
3034113
What is -3049 (base 11) in base 6?
-30422
Convert -1100011111011 (base 2) to base 6.
-45335
Convert -34087 (base 11) to base 8.
-140276
-6606 (base 9) to base 5
-123431
Convert -da01 (base 15) to base 5.
-2434001
Convert 4330 (base 5) to base 12.
412
131 (base 13) to base 12
155
Convert 10101110110100 (base 2) to base 15.
34ad
What is 258 (base 10) in base 11?
215
What is -426 (base 11) in base 15?
-242
1515 (base 6) to base 4
12113
Convert -1342231 (base 6) to base 8.
-223653
What is -136646 (base 9) in base 2?
-10100011010110010
What is 32 (base 8) in base 9?
28
Convert 1653 (base 12) to base 13.
1293
Convert 114 (base 11) to base 15.
91
14a72 (base 11) to base 15
646e
Convert 13f5 (base 16) to base 3.
21000020
1121212202 (base 3) to base 5
2010423
Convert 3053 (base 7) to base 13.
641
3845 (base 10) to base 2
111100000101
-132410 (base 5) to base 9
-7310
Convert -18301 (base 11) to base 14.
-94c5
Convert 494 (base 10) to base 15.
22e
-183d (base 15) to base 13
-24c7
-1561 (base 8) to base 7
-2366
-121121 (base 3) to base 6
-2024
Convert 19c8 (base 13) to base 11.
2a0a
What is -110111 (base 2) in base 6?
-131
-535455 (base 6) to base 14
-1208b
What is -416 (base 9) in base 6?
-1323
What is -1672 (base 8) in base 3?
-1022100
What is -24 (base 8) in base 5?
-40
What is -5bb1 (base 16) in base 4?
-11232301
-4323 (base 8) to base 6
-14243
-109 (base 14) to base 8
-315
What is -27656 (base 13) in base 12?
-36702
7d41 (base 15) to base 13
c160
-5602 (base 9) to base 6
-31045
-101403 (base 5) to base 11
-2579
Convert 20053 (base 7) to base 4.
1023220
Convert -a5b (base 15) to base 14.
-bcc
What is -1010321 (base 4) in base 11?
-3349
Convert 1706 (base 11) to base 13.
cc0
What is c02 (base 15) in base 14?
db0
Convert -30211130 (base 4) to base 9.
-77635
-9d4 (base 14) to base 10
-1950
What is 20 (base 16) in base 9?
35
Convert -108 (base 9) to base 12.
-75
Convert -455 (base 11) to base 16.
-220
-224205 (base 7) to base 13
-15207
-14b (base 14) to base 3
-100202
Convert 584 (base 13) to base 15.
438
What is -120 (base 7) in base 9?
-70
Convert 23b (base 16) to base 7.
1444
-51b (base 13) to base 6
-4005
Convert 1553 (base 9) to base 8.
2236
What is -66a3 (base 14) in base 16?
-4577
-b588 (base 15) to base 8
-112752
Convert -3a80 (base 13) to base 5.
-232020
333012 (base 5) to base 11
8815
Convert 1028 (base 15) to base 11.
2623
What is 101122221 (base 3) in base 16?
1e5e
What is a70 (base 15) in base 3?
10020020
What is 562 (base 13) in base 2?
1110011101
What is -1477 (base 11) in base 15?
-869
Convert 21a2 (base 12) to base 7.
13565
Convert 67b (base 15) to base 10.
1466
1003 (base 4) to base 16
43
12211010 (base 3) to base 8
10222
What is 300 (base 12) in base 11?
363
Convert 3411 (base 7) to base 6.
5413
What is -30c (base 15) in base 3?
-221110
What is 9d9 (base 15) in base 3?
10001120
Convert -294 (base 13) to base 2.
-111001011
Convert 1012201212 (base 3) to base 12.
11988
Convert -345 (base 11) to base 6.
-1524
What is -122232 (base 7) in base 6?
-251440
What is 128 (base 11) in base 14?
ab
Convert 22244 (base 5) to base 4.
120212
562 (base 10) to base 7
1432
Convert -24127 (base 10) to base 15.
-7237
Convert 1268 (base 9) to bas